{"id":2229,"date":"2024-02-27T17:51:09","date_gmt":"2024-02-27T17:51:09","guid":{"rendered":"https:\/\/www.virginiarosello.com\/?page_id=2229"},"modified":"2025-04-20T01:46:57","modified_gmt":"2025-04-20T01:46:57","slug":"open-kit-gratuito","status":"publish","type":"page","link":"https:\/\/www.virginiarosello.com\/index.php\/open-kit-gratuito\/","title":{"rendered":"Open Kit \u00a1Gratuito!"},"content":{"rendered":"\t\t<div data-elementor-type=\"wp-page\" data-elementor-id=\"2229\" class=\"elementor elementor-2229\" data-elementor-post-type=\"page\">\n\t\t\t\t\t\t<section class=\"elementor-section elementor-top-section elementor-element elementor-element-8a77e4f elementor-section-boxed elementor-section-height-default elementor-section-height-default\" data-id=\"8a77e4f\" data-element_type=\"section\">\n\t\t\t\t\t\t<div class=\"elementor-container elementor-column-gap-default\">\n\t\t\t\t\t<div class=\"elementor-column elementor-col-100 elementor-top-column elementor-element elementor-element-a9d48c3\" data-id=\"a9d48c3\" data-element_type=\"column\">\n\t\t\t<div class=\"elementor-widget-wrap elementor-element-populated\">\n\t\t\t\t\t\t<div class=\"elementor-element elementor-element-bbca5bf elementor-widget elementor-widget-html\" data-id=\"bbca5bf\" data-element_type=\"widget\" data-widget_type=\"html.default\">\n\t\t\t\t<div class=\"elementor-widget-container\">\n\t\t\t\t\t<section class=\"resource-section\">\n  <div class=\"background-shapes\">\n    <div class=\"shape shape-1\"><\/div>\n    <div class=\"shape shape-2\"><\/div>\n    <div class=\"shape shape-3\"><\/div>\n  <\/div>\n  \n  <div class=\"container\">\n    <div class=\"section-header\">\n      <h2 class=\"section-title\">\n        Kit de Herramientas para <span class=\"gradient-text\">L\u00edderes Tech<\/span>\n      <\/h2>\n      <div class=\"gradient-line\"><\/div>\n      <p class=\"section-description\">\n        Descarga gratis recursos pr\u00e1cticos para potenciar tu liderazgo y crear\n        equipos m\u00e1s resilientes\n      <\/p>\n    <\/div>\n\n    <div class=\"resource-grid\">\n      <!-- Card 1 -->\n      <div class=\"resource-card\">\n        <div class=\"card-gradient-line\"><\/div>\n        <div class=\"resource-image\">\n          <img decoding=\"async\" src=\"https:\/\/www.virginiarosello.com\/wp-content\/uploads\/2024\/04\/E-Book-Organizacion-Plena.jpeg\" alt=\"OrganizadaMente \u00c1gil\">\n        <\/div>\n        <div class=\"resource-content\">\n          <h3 class=\"resource-title\">OrganizadaMente \u00c1gil<\/h3>\n          <p class=\"resource-description\">La gu\u00eda definitiva para una organizaci\u00f3n plena y efectiva: M\u00e9todo y herramientas \u00e1giles para desbloquear y potenciar tu liderazgo tech logrando efectividad y bienestar<\/p>\n        <\/div>\n      <\/div>\n\n     \n     \n\n      <!-- Card 4 -->\n      <div class=\"resource-card\">\n        <div class=\"card-gradient-line\"><\/div>\n        <div class=\"resource-image\">\n          <img decoding=\"async\" src=\"https:\/\/www.virginiarosello.com\/wp-content\/uploads\/2024\/10\/Organizacion-Plena.png\" alt=\"Matriz de Responsabilidades\">\n        <\/div>\n        <div class=\"resource-content\">\n          <h3 class=\"resource-title\">20 TIPS de Organizaci\u00f3n<\/h3>\n          <p class=\"resource-description\">Gu\u00eda r\u00e1pida para una vida m\u00e1s equilibrada: Descubre estrategias pr\u00e1cticas y f\u00e1ciles de implementar que transformar\u00e1n tu d\u00eda a d\u00eda. Mejora tu enfoque, libera tu mente y alcanza tus metas con estos consejos esenciales de organizaci\u00f3n plena<\/p>\n              <\/div>\n      <\/div>\n    <\/div>\n  <\/div>\n<\/section>\t\t\t\t<\/div>\n\t\t\t\t<\/div>\n\t\t\t\t\t<\/div>\n\t\t<\/div>\n\t\t\t\t\t<\/div>\n\t\t<\/section>\n\t\t\t\t<section class=\"elementor-section elementor-top-section elementor-element elementor-element-de2e676 elementor-section-boxed elementor-section-height-default elementor-section-height-default\" data-id=\"de2e676\" data-element_type=\"section\">\n\t\t\t\t\t\t<div class=\"elementor-container elementor-column-gap-default\">\n\t\t\t\t\t<div class=\"elementor-column elementor-col-100 elementor-top-column elementor-element elementor-element-03e41c0\" data-id=\"03e41c0\" data-element_type=\"column\">\n\t\t\t<div class=\"elementor-widget-wrap elementor-element-populated\">\n\t\t\t\t\t\t<div class=\"elementor-element elementor-element-399a765 elementor-align-center elementor-widget elementor-widget-button\" data-id=\"399a765\" data-element_type=\"widget\" data-widget_type=\"button.default\">\n\t\t\t\t<div class=\"elementor-widget-container\">\n\t\t\t\t\t\t\t\t\t<div class=\"elementor-button-wrapper\">\n\t\t\t\t\t<a class=\"elementor-button elementor-button-link elementor-size-sm\" href=\"#elementor-action%3Aaction%3Dpopup%3Aopen%26settings%3DeyJpZCI6IjIzMzUiLCJ0b2dnbGUiOmZhbHNlfQ%3D%3D\">\n\t\t\t\t\t\t<span class=\"elementor-button-content-wrapper\">\n\t\t\t\t\t\t\t\t\t<span class=\"elementor-button-text\">Quiero acceder al Kit Gratuito<\/span>\n\t\t\t\t\t<\/span>\n\t\t\t\t\t<\/a>\n\t\t\t\t<\/div>\n\t\t\t\t\t\t\t\t<\/div>\n\t\t\t\t<\/div>\n\t\t\t\t\t<\/div>\n\t\t<\/div>\n\t\t\t\t\t<\/div>\n\t\t<\/section>\n\t\t\t\t<\/div>\n\t\t","protected":false},"excerpt":{"rendered":"<p>Kit de Herramientas para L\u00edderes Tech Descarga gratis recursos pr\u00e1cticos para potenciar tu liderazgo y crear equipos m\u00e1s resilientes OrganizadaMente \u00c1gil La gu\u00eda definitiva para una organizaci\u00f3n plena y efectiva: M\u00e9todo y herramientas \u00e1giles para desbloquear y potenciar tu liderazgo tech logrando efectividad y bienestar 20 TIPS de Organizaci\u00f3n Gu\u00eda r\u00e1pida para una vida m\u00e1s [&hellip;]<\/p>\n","protected":false},"author":1,"featured_media":0,"parent":0,"menu_order":0,"comment_status":"closed","ping_status":"closed","template":"","meta":{"footnotes":""},"class_list":["post-2229","page","type-page","status-publish","hentry"],"_links":{"self":[{"href":"https:\/\/www.virginiarosello.com\/index.php\/wp-json\/wp\/v2\/pages\/2229"}],"collection":[{"href":"https:\/\/www.virginiarosello.com\/index.php\/wp-json\/wp\/v2\/pages"}],"about":[{"href":"https:\/\/www.virginiarosello.com\/index.php\/wp-json\/wp\/v2\/types\/page"}],"author":[{"embeddable":true,"href":"https:\/\/www.virginiarosello.com\/index.php\/wp-json\/wp\/v2\/users\/1"}],"replies":[{"embeddable":true,"href":"https:\/\/www.virginiarosello.com\/index.php\/wp-json\/wp\/v2\/comments?post=2229"}],"version-history":[{"count":121,"href":"https:\/\/www.virginiarosello.com\/index.php\/wp-json\/wp\/v2\/pages\/2229\/revisions"}],"predecessor-version":[{"id":3470,"href":"https:\/\/www.virginiarosello.com\/index.php\/wp-json\/wp\/v2\/pages\/2229\/revisions\/3470"}],"wp:attachment":[{"href":"https:\/\/www.virginiarosello.com\/index.php\/wp-json\/wp\/v2\/media?parent=2229"}],"curies":[{"name":"wp","href":"https:\/\/api.w.org\/{rel}","templated":true}]}}